 1536 is divided by 725.
86
Calculate the remainder when 743 is divided by 373.
370
Calculate the remainder when 2349 is divided by 1380.
969
What is the remainder when 354826 is divided by 689?
680
Calculate the remainder when 21931 is divided by 205.
201
What is the remainder when 380603 is divided by 197?
196
What is the remainder when 90488 is divided by 64?
56
What is the remainder when 92112 is divided by 23026?
8
Calculate the remainder when 32325 is divided by 210.
195
What is the remainder when 2369104 is divided by 659?
658
What is the remainder when 15873 is divided by 407?
0
What is the remainder when 23216 is divided by 209?
17
Calculate the remainder when 58184 is divided by 4.
0
What is the remainder when 136980 is divided by 34228?
68
What is the remainder when 6612 is divided by 3028?
556
What is the remainder when 8104 is divided by 2023?
12
What is the remainder when 7236 is divided by 1643?
664
Calculate the remainder when 76305 is divided by 557.
553
What is the remainder when 4944 is divided by 2472?
0
Calculate the remainder when 2347 is divided by 975.
397
Calculate the remainder when 364 is divided by 16.
12
What is the remainder when 41966 is divided by 977?
932
What is the remainder when 28330 is divided by 71?
1
Calculate the remainder when 1807 is divided by 609.
589
What is the remainder when 104268 is divided by 104181?
87
What is the remainder when 2302 is divided by 86?
66
What is the remainder when 22315 is divided by 22309?
6
What is the remainder when 207451 is divided by 48?
43
Calculate the remainder when 53384 is divided by 86.
64
Calculate the remainder when 131380 is divided by 906.
10
Calculate the remainder when 77654 is divided by 17.
15
Calculate the remainder when 5850 is divided by 973.
12
Calculate the remainder when 4689 is divided by 4625.
64
What is the remainder when 8889 is divided by 521?
32
What is the remainder when 272230 is divided by 136111?
8
What is the remainder when 531 is divided by 44?
3
What is the remainder when 315200 is divided by 87?
86
Calculate the remainder when 2158 is divided by 695.
73
Calculate the remainder when 29010 is divided by 11.
3
Calculate the remainder when 63702 is divided by 495.
342
Calculate the remainder when 21230 is divided by 574.
566
What is the remainder when 292524 is divided by 3799?
1
Calculate the remainder when 1912 is divided by 628.
28
What is the remainder when 253694 is divided by 162?
2
Calculate the remainder when 7182 is divided by 355.
82
What is the remainder when 27612 is divided by 1839?
27
What is the remainder when 1421 is divided by 363?
332
Calculate the remainder when 111166 is divided by 73.
60
Calculate the remainder when 1623 is divided by 784.
55
What is the remainder when 4859 is divided by 2190?
479
Calculate the remainder when 18699 is divided by 9345.
9
What is the remainder when 9467 is divided by 628?
47
Calculate the remainder when 19716 is divided by 142.
120
Calculate the remainder when 2528 is divided by 495.
53
Calculate the remainder when 2129 is divided by 119.
106
Calculate the remainder when 3014038 is divided by 40.
38
What is the remainder when 552378 is divided by 1125?
3
What is the remainder when 105899 is divided by 123?
119
Calculate the remainder when 132832 is divided by 6037.
18
Calculate the remainder when 363 is divided by 149.
65
What is the remainder when 2266 is divided by 226?
6
Calculate the remainder when 1266 is divided by 158.
2
Calculate the remainder when 1699 is divided by 566.
1
Calculate the remainder when 26625 is divided by 4418.
117
Calculate the remainder when 349501 is divided by 86.
83
Calculate the remainder when 14318 is divided by 7159.
0
What is the remainder when 109310 is divided by 6426?
68
What is the remainder when 4107 is divided by 308?
103
What is the remainder when 4034 is divided by 1373?
1288
Calculate the remainder when 11260 is divided by 3737.
49
Calculate the remainder when 14157 is divided by 16.
13
What is the remainder when 25344 is divided by 12511?
322
What is the remainder when 441869 is divided by 397?
8
Calculate the remainder when 5362 is divided by 79.
69
What is the remainder when 45692 is divided by 1269?
8
What is the remainder when 5404 is divided by 5394?
10
Calculate the remainder when 812 is divided by 535.
277
What is the remainder when 4164 is divided by 1037?
16
Calculate the remainder when 27146 is divided by 181.
177
Calculate the remainder when 4021 is divided by 178.
105
Calculate the remainder when 86088 is divided by 1484.
16
Calculate the remainder when 5636 is divided by 15.
11
What is the remainder when 158891 is divided by 26478?
23
Calculate the remainder when 18094 is divided by 31.
21
Calculate the remainder when 12415 is divided by 19.
8
Calculate the remainder when 501991 is divided by 167327.
10
What is the remainder when 13199 is divided by 202?
69
What is the remainder when 60789 is divided by 844?
21
What is the remainder when 2469 is divided by 116?
33
Calculate the remainder when 6446 is divided by 31.
29
What is the remainder when 15555 is divided by 15?
0
What is the remainder when 18524 is divided by 15?
14
Calculate the remainder when 102811 is divided by 102804.
7
What is the remainder when 2593 is divided by 2386?
207
Calculate the remainder when 137684 is divided by 21.
8
What is the remainder when 724991 is divided by 57?
8
Calculate the remainder when 5639 is divided by 2363.
913
Calculate the remainder when 11541 is divided by 3828.
57
What is the remainder when 555118 is divided by 138765?
58
What is the remainder when 1964 is divided by 417?
296
What is the remainder when 8470 is divided by 1137?
511
What is the remainder when 198029 is divided by 301?
272
Calculate the remainder when 2868 is divided by 99.
96
What is the remainder when 1129700 is divided by 331?
328
What is the remainder when 113094 is divided by 348?
342
Calculate the remainder when 543566 is divided by 15.
11
What is the remainder when 850 is divided by 16?
2
Calculate the remainder when 1599 is divided by 1527.
72
Calculate the remainder when 21513 is divided by 482.
305
Calculate the remainder when 1041 is divided by 378.
285
Calculate the remainder when 3200 is divided by 3194.
6
What is the remainder when 1155 is divided by 394?
367
What is the remainder when 1279 is divided by 217?
194
Calculate the remainder when 2688 is divided by 314.
176
What is the remainder when 38888 is divided by 1218?
1130
What is the remainder when 2111 is divided by 650?
161
Calculate the remainder when 13675 is divided by 152.
147
What is the remainder when 11263 is divided by 1829?
289
Calculate the remainder when 25401 is divided by 14.
5
Calculate the remainder when 68579 is divided by 5.
4
What is the remainder when 34428 is divided by 101?
88
Calculate the remainder when 320208 is divided by 82.
80
What is the remainder when 51214 is divided by 85?
44
What is the remainder when 31107 is divided by 35?
27
What is the remainder when 316148 is divided by 81?
5
What is the remainder when 455 is divided by 256?
199
Calculate the remainder when 3208 is divided by 10.
8
Calculate the remainder when 9774 is divided by 2204.
958
What is the remainder when 389 is divided by 109?
62
What is the remainder when 85324 is divided by 8?
4
What is the remainder when 407261 is divided by 89?
86
What is the remainder when 344639 is divided by 320?
319
Calculate the remainder when 264417 is divided by 1414.
1413
What is the remainder when 228944 is divided by 848?
832
Calculate the remainder when 4026 is divided by 270.
246
What is the remainder when 249011 is divided by 38?
35
Calculate the remainder when 150187 is divided by 75086.
15
Calculate the remainder when 3220 is divided by 1040.
100
What is the remainder when 15134 is divided by 15100?
34
What is the remainder when 3008 is divided by 997?
17
Calculate the remainder when 49666 is divided by 60.
46
Calculate the remainder when 455480 is divided by 14.
4
What is the remainder when 9551 is divided by 358?
243
Calculate the remainder when 1789 is divided by 585.
34
Calculate the remainder when 2245 is divided by 35.
5
What is the remainder when 25818 is divided by 1842?
30
What is the remainder when 16499 is 